{"id":37,"date":"2022-03-31T07:55:33","date_gmt":"2022-03-31T07:55:33","guid":{"rendered":"https:\/\/cabinet-moya.ch\/?page_id=37"},"modified":"2025-02-13T10:13:10","modified_gmt":"2025-02-13T10:13:10","slug":"a-propos-de-moi","status":"publish","type":"page","link":"https:\/\/cabinet-moya.ch\/?page_id=37","title":{"rendered":"A propos de moi"},"content":{"rendered":"\n<p class=\"wp-block-paragraph\"><\/p>\n\n\n\n<div class=\"wp-block-columns is-layout-flex wp-container-core-columns-is-layout-8f761849 wp-block-columns-is-layout-flex\">\n<div class=\"wp-block-column is-layout-flow wp-block-column-is-layout-flow\" style=\"flex-basis:66.66%\">\n<p class=\"wp-block-paragraph\">Nous avons tous la capacit\u00e9 de nous r\u00e9inventer et d&rsquo;\u00e9voluer au rythme de nos exp\u00e9riences de vie. Cette conviction est au c\u0153ur de ma pratique et guide mon approche th\u00e9rapeutique.<\/p>\n\n\n\n<p class=\"wp-block-paragraph\">V\u00e9ritable cam\u00e9l\u00e9on, j&rsquo;ai explor\u00e9 de nombreux chemins avant de d\u00e9couvrir ma v\u00e9ritable vocation : accompagner les autres vers leur bien-\u00eatre et leur \u00e9panouissement.<\/p>\n\n\n\n<p class=\"wp-block-paragraph\">Dans mon cabinet, je propose une approche holistique qui prend en compte l&rsquo;individu dans sa globalit\u00e9. Chaque personne \u00e9tant unique, mes s\u00e9ances le sont tout autant. Toutes les techniques que j&rsquo;int\u00e8gre dans mes accompagnements sont indispensables pour favoriser l&rsquo;\u00e9quilibre physique, \u00e9motionnel et \u00e9nerg\u00e9tique.<\/p>\n\n\n\n<p class=\"wp-block-paragraph\">Ensemble, nous explorerons vos diff\u00e9rentes dimensions pour lib\u00e9rer votre potentiel, r\u00e9veiller votre force int\u00e9rieure et amorcer une transformation profonde et durable. Mon objectif est de vous aider \u00e0 vous reconnecter \u00e0 vous-m\u00eame, en trouvant un \u00e9quilibre harmonieux entre votre corps et votre esprit.<\/p>\n\n\n\n<p class=\"wp-block-paragraph\">Bienvenue dans un espace d&rsquo;\u00e9coute, d&rsquo;\u00e9volution et de bienveillance, o\u00f9 chaque s\u00e9ance est une invitation \u00e0 mieux vous comprendre et \u00e0 avancer sur votre chemin de vie.<\/p>\n\n\n\n<p class=\"wp-block-paragraph\">Je vous re\u00e7ois dans mon cabinet \u00e0 Romanel-sur-Lausanne.<\/p>\n\n\n\n<p class=\"wp-block-paragraph\"><\/p>\n\n\n\n<p class=\"wp-block-paragraph\"><strong>Th\u00e9rapeute compl\u00e9mentaire en Kin\u00e9siologie<\/strong><\/p>\n\n\n\n<p class=\"wp-block-paragraph\"><strong>Sexoth\u00e9rapeute<\/strong><\/p>\n\n\n\n<p class=\"wp-block-paragraph\"><strong>Drainage Lymphatique <\/strong><\/p>\n\n\n\n<p class=\"wp-block-paragraph\"><\/p>\n\n\n\n<p class=\"wp-block-paragraph\"><strong>Mes outils:<\/strong><\/p>\n\n\n\n<p class=\"wp-block-paragraph\">Massage du ventre chinoise<\/p>\n\n\n\n<p class=\"wp-block-paragraph\">Fleurs de Bach<\/p>\n\n\n\n<p class=\"wp-block-paragraph\">Reflexes archa\u00efques<\/p>\n\n\n\n<p class=\"wp-block-paragraph\">Brain Gym<\/p>\n\n\n\n<p class=\"wp-block-paragraph\">Gua Sha<\/p>\n\n\n\n<p class=\"wp-block-paragraph\">Reiki <\/p>\n\n\n\n<p class=\"wp-block-paragraph\"><\/p>\n\n\n\n<p class=\"wp-block-paragraph\"><\/p>\n\n\n\n<p class=\"wp-block-paragraph\"><\/p>\n<\/div>\n\n\n\n<div class=\"wp-block-column is-layout-flow wp-block-column-is-layout-flow\" style=\"flex-basis:33.33%\">\n<figure class=\"wp-block-image size-large\"><img loading=\"lazy\" decoding=\"async\" width=\"576\" height=\"1024\" src=\"https:\/\/cabinet-moya.ch\/wp-content\/uploads\/2022\/06\/32F1EBDD-69EC-4AB4-81CF-0CA19DCCB735-576x1024.jpg\" alt=\"\" class=\"wp-image-95\" srcset=\"https:\/\/cabinet-moya.ch\/wp-content\/uploads\/2022\/06\/32F1EBDD-69EC-4AB4-81CF-0CA19DCCB735-576x1024.jpg 576w, https:\/\/cabinet-moya.ch\/wp-content\/uploads\/2022\/06\/32F1EBDD-69EC-4AB4-81CF-0CA19DCCB735-169x300.jpg 169w, https:\/\/cabinet-moya.ch\/wp-content\/uploads\/2022\/06\/32F1EBDD-69EC-4AB4-81CF-0CA19DCCB735-768x1365.jpg 768w, https:\/\/cabinet-moya.ch\/wp-content\/uploads\/2022\/06\/32F1EBDD-69EC-4AB4-81CF-0CA19DCCB735.jpg 828w\" sizes=\"auto, (max-width: 576px) 100vw, 576px\" \/><\/figure>\n<\/div>\n<\/div>\n\n\n\n<p class=\"wp-block-paragraph\"><\/p>\n\n\n\n<p class=\"wp-block-paragraph\"><\/p>\n\n\n\n<p class=\"has-text-align-center wp-block-paragraph\"><strong>Contact:<\/strong><\/p>\n\n\n\n<p class=\"has-text-align-center wp-block-paragraph\"><strong>Cabinet th\u00e9rapeutique Moya<\/strong><\/p>\n\n\n\n<p class=\"has-text-align-center wp-block-paragraph\">Amanda Freemantle<\/p>\n\n\n\n<p class=\"has-text-align-center wp-block-paragraph\">078 231 69 83<\/p>\n\n\n\n<p class=\"has-text-align-center wp-block-paragraph\">amanda@cabinet-moya.ch<\/p>\n\n\n\n<p class=\"wp-block-paragraph\"><\/p>\n\n\n\n<p class=\"has-text-align-center wp-block-paragraph\">Route d&rsquo;Echallens 2, 1032 Romanel-sur-Lausanne<\/p>\n\n\n\n<p class=\"has-text-align-center wp-block-paragraph\"><\/p>\n\n\n\n<p class=\"has-text-align-center wp-block-paragraph\">Rue du Coppet 4, 1870 Monthey<\/p>\n\n\n\n<p class=\"has-text-align-center wp-block-paragraph\"><\/p>\n\n\n\n<p class=\"wp-block-paragraph\"><\/p>\n","protected":false},"excerpt":{"rendered":"<p>Nous avons tous la capacit\u00e9 de nous r\u00e9inventer et d&rsquo;\u00e9voluer au rythme de nos exp\u00e9riences de vie. Cette conviction est au c\u0153ur de ma pratique et guide mon approche th\u00e9rapeutique. V\u00e9ritable cam\u00e9l\u00e9on, j&rsquo;ai explor\u00e9 de nombreux chemins avant de d\u00e9couvrir ma v\u00e9ritable vocation : accompagner les autres vers leur bien-\u00eatre et leur \u00e9panouissement. Dans mon cabinet, je propose une approche holistique qui prend en compte l&rsquo;individu dans sa globalit\u00e9. Chaque personne \u00e9tant unique, mes s\u00e9ances le sont tout autant. Toutes les techniques que j&rsquo;int\u00e8gre dans mes accompagnements sont indispensables pour favoriser l&rsquo;\u00e9quilibre physique, \u00e9motionnel et \u00e9nerg\u00e9tique. Ensemble, nous explorerons vos diff\u00e9rentes dimensions pour lib\u00e9rer votre potentiel, r\u00e9veiller votre force int\u00e9rieure et amorcer une transformation profonde et durable. Mon objectif est de vous aider \u00e0 vous reconnecter \u00e0 vous-m\u00eame, en trouvant un \u00e9quilibre harmonieux entre votre corps et votre esprit. Bienvenue dans un espace d&rsquo;\u00e9coute, d&rsquo;\u00e9volution et de bienveillance, o\u00f9 chaque s\u00e9ance est une invitation \u00e0 mieux vous comprendre et \u00e0 avancer sur votre chemin de vie. Je vous re\u00e7ois dans mon cabinet \u00e0 Romanel-sur-Lausanne. Th\u00e9rapeute compl\u00e9mentaire en Kin\u00e9siologie Sexoth\u00e9rapeute Drainage Lymphatique Mes outils: Massage du ventre chinoise Fleurs de Bach Reflexes archa\u00efques Brain Gym Gua Sha Reiki Contact: Cabinet th\u00e9rapeutique Moya Amanda Freemantle 078 231 69 83 amanda@cabinet-moya.ch Route d&rsquo;Echallens 2, 1032 Romanel-sur-Lausanne Rue du Coppet 4, 1870 Monthey<\/p>\n","protected":false},"author":1,"featured_media":0,"parent":0,"menu_order":0,"comment_status":"closed","ping_status":"closed","template":"","meta":{"footnotes":""},"class_list":["post-37","page","type-page","status-publish","hentry"],"acf":[],"_links":{"self":[{"href":"https:\/\/cabinet-moya.ch\/index.php?rest_route=\/wp\/v2\/pages\/37","targetHints":{"allow":["GET"]}}],"collection":[{"href":"https:\/\/cabinet-moya.ch\/index.php?rest_route=\/wp\/v2\/pages"}],"about":[{"href":"https:\/\/cabinet-moya.ch\/index.php?rest_route=\/wp\/v2\/types\/page"}],"author":[{"embeddable":true,"href":"https:\/\/cabinet-moya.ch\/index.php?rest_route=\/wp\/v2\/users\/1"}],"replies":[{"embeddable":true,"href":"https:\/\/cabinet-moya.ch\/index.php?rest_route=%2Fwp%2Fv2%2Fcomments&post=37"}],"version-history":[{"count":31,"href":"https:\/\/cabinet-moya.ch\/index.php?rest_route=\/wp\/v2\/pages\/37\/revisions"}],"predecessor-version":[{"id":371,"href":"https:\/\/cabinet-moya.ch\/index.php?rest_route=\/wp\/v2\/pages\/37\/revisions\/371"}],"wp:attachment":[{"href":"https:\/\/cabinet-moya.ch\/index.php?rest_route=%2Fwp%2Fv2%2Fmedia&parent=37"}],"curies":[{"name":"wp","href":"https:\/\/api.w.org\/{rel}","templated":true}]}}

<p class="wp-block-paragraph"></p>



<div class="wp-block-columns is-layout-flex wp-container-core-columns-is-layout-8f761849 wp-block-columns-is-layout-flex">
<div class="wp-block-column is-layout-flow wp-block-column-is-layout-flow" style="flex-basis:66.66%">
<p class="wp-block-paragraph">Nous avons tous la capacité de nous réinventer et d&rsquo;évoluer au rythme de nos expériences de vie. Cette conviction est au cœur de ma pratique et guide mon approche thérapeutique.</p>



<p class="wp-block-paragraph">Véritable caméléon, j&rsquo;ai exploré de nombreux chemins avant de découvrir ma véritable vocation : accompagner les autres vers leur bien-être et leur épanouissement.</p>



<p class="wp-block-paragraph">Dans mon cabinet, je propose une approche holistique qui prend en compte l&rsquo;individu dans sa globalité. Chaque personne étant unique, mes séances le sont tout autant. Toutes les techniques que j&rsquo;intègre dans mes accompagnements sont indispensables pour favoriser l&rsquo;équilibre physique, émotionnel et énergétique.</p>



<p class="wp-block-paragraph">Ensemble, nous explorerons vos différentes dimensions pour libérer votre potentiel, réveiller votre force intérieure et amorcer une transformation profonde et durable. Mon objectif est de vous aider à vous reconnecter à vous-même, en trouvant un équilibre harmonieux entre votre corps et votre esprit.</p>



<p class="wp-block-paragraph">Bienvenue dans un espace d&rsquo;écoute, d&rsquo;évolution et de bienveillance, où chaque séance est une invitation à mieux vous comprendre et à avancer sur votre chemin de vie.</p>



<p class="wp-block-paragraph">Je vous reçois dans mon cabinet à Romanel-sur-Lausanne.</p>



<p class="wp-block-paragraph"></p>



<p class="wp-block-paragraph"><strong>Thérapeute complémentaire en Kinésiologie</strong></p>



<p class="wp-block-paragraph"><strong>Sexothérapeute</strong></p>



<p class="wp-block-paragraph"><strong>Drainage Lymphatique </strong></p>



<p class="wp-block-paragraph"></p>



<p class="wp-block-paragraph"><strong>Mes outils:</strong></p>



<p class="wp-block-paragraph">Massage du ventre chinoise</p>



<p class="wp-block-paragraph">Fleurs de Bach</p>



<p class="wp-block-paragraph">Reflexes archaïques</p>



<p class="wp-block-paragraph">Brain Gym</p>



<p class="wp-block-paragraph">Gua Sha</p>



<p class="wp-block-paragraph">Reiki </p>



<p class="wp-block-paragraph"></p>



<p class="wp-block-paragraph"></p>



<p class="wp-block-paragraph"></p>
</div>



<div class="wp-block-column is-layout-flow wp-block-column-is-layout-flow" style="flex-basis:33.33%">
<figure class="wp-block-image size-large"><img loading="lazy" decoding="async" width="576" height="1024" src="https://cabinet-moya.ch/wp-content/uploads/2022/06/32F1EBDD-69EC-4AB4-81CF-0CA19DCCB735-576x1024.jpg" alt="" class="wp-image-95" srcset="https://cabinet-moya.ch/wp-content/uploads/2022/06/32F1EBDD-69EC-4AB4-81CF-0CA19DCCB735-576x1024.jpg 576w, https://cabinet-moya.ch/wp-content/uploads/2022/06/32F1EBDD-69EC-4AB4-81CF-0CA19DCCB735-169x300.jpg 169w, https://cabinet-moya.ch/wp-content/uploads/2022/06/32F1EBDD-69EC-4AB4-81CF-0CA19DCCB735-768x1365.jpg 768w, https://cabinet-moya.ch/wp-content/uploads/2022/06/32F1EBDD-69EC-4AB4-81CF-0CA19DCCB735.jpg 828w" sizes="auto, (max-width: 576px) 100vw, 576px" /></figure>
</div>
</div>



<p class="wp-block-paragraph"></p>



<p class="wp-block-paragraph"></p>



<p class="has-text-align-center wp-block-paragraph"><strong>Contact:</strong></p>



<p class="has-text-align-center wp-block-paragraph"><strong>Cabinet thérapeutique Moya</strong></p>



<p class="has-text-align-center wp-block-paragraph">Amanda Freemantle</p>



<p class="has-text-align-center wp-block-paragraph">078 231 69 83</p>



<p class="has-text-align-center wp-block-paragraph">amanda@cabinet-moya.ch</p>



<p class="wp-block-paragraph"></p>



<p class="has-text-align-center wp-block-paragraph">Route d&rsquo;Echallens 2, 1032 Romanel-sur-Lausanne</p>



<p class="has-text-align-center wp-block-paragraph"></p>



<p class="has-text-align-center wp-block-paragraph">Rue du Coppet 4, 1870 Monthey</p>



<p class="has-text-align-center wp-block-paragraph"></p>



<p class="wp-block-paragraph"></p>

<p>Nous avons tous la capacité de nous réinventer et d&rsquo;évoluer au rythme de nos expériences de vie. Cette conviction est au cœur de ma pratique et guide mon approche thérapeutique. Véritable caméléon, j&rsquo;ai exploré de nombreux chemins avant de découvrir ma véritable vocation : accompagner les autres vers leur bien-être et leur épanouissement. Dans mon cabinet, je propose une approche holistique qui prend en compte l&rsquo;individu dans sa globalité. Chaque personne étant unique, mes séances le sont tout autant. Toutes les techniques que j&rsquo;intègre dans mes accompagnements sont indispensables pour favoriser l&rsquo;équilibre physique, émotionnel et énergétique. Ensemble, nous explorerons vos différentes dimensions pour libérer votre potentiel, réveiller votre force intérieure et amorcer une transformation profonde et durable. Mon objectif est de vous aider à vous reconnecter à vous-même, en trouvant un équilibre harmonieux entre votre corps et votre esprit. Bienvenue dans un espace d&rsquo;écoute, d&rsquo;évolution et de bienveillance, où chaque séance est une invitation à mieux vous comprendre et à avancer sur votre chemin de vie. Je vous reçois dans mon cabinet à Romanel-sur-Lausanne. Thérapeute complémentaire en Kinésiologie Sexothérapeute Drainage Lymphatique Mes outils: Massage du ventre chinoise Fleurs de Bach Reflexes archaïques Brain Gym Gua Sha Reiki Contact: Cabinet thérapeutique Moya Amanda Freemantle 078 231 69 83 amanda@cabinet-moya.ch Route d&rsquo;Echallens 2, 1032 Romanel-sur-Lausanne Rue du Coppet 4, 1870 Monthey</p>
