{"id":229,"date":"2024-01-28T10:26:50","date_gmt":"2024-01-28T10:26:50","guid":{"rendered":"https:\/\/cabinet-moya.ch\/?page_id=229"},"modified":"2024-01-28T10:26:51","modified_gmt":"2024-01-28T10:26:51","slug":"ameliorer-son-estime-de-soi","status":"publish","type":"page","link":"https:\/\/cabinet-moya.ch\/?page_id=229","title":{"rendered":"Am\u00e9liorer son Estime de soi"},"content":{"rendered":"\n<p class=\"wp-block-paragraph\">L\u2019estime de soi est \u00e0 la base de tous les comportements humains. Une bonne estime de soi soutient des comportements sains, matures, adapt\u00e9s aux circonstances, flexibles et efficaces. Elle permet d\u2019\u00eatre en contact avec soi et avec l\u2019environnement. Elle favorise le d\u00e9veloppement de relations enrichissantes, dynamiques et constructives tant sur le plan personnel que professionnel. Enfin, elle constitue un tremplin pour l\u2019affirmation de soi et la r\u00e9alisation de soi.<\/p>\n\n\n\n<p class=\"wp-block-paragraph\">Dans le cadre d&rsquo;un accompagnement visant \u00e0 renforcer l&rsquo;estime en soi, il s&rsquo;agit de prendre le risque de faire des pas concrets dans la vie, car nous ne pouvons apprendre une chose qu&rsquo;en commen\u00e7ant \u00e0 la faire. Je vous accompagne pour vous permettre de faire ses pas concrets avec mes divers outils th\u00e9rapeutiques.<\/p>\n\n\n<div class=\"wp-block-image\">\n<figure class=\"aligncenter size-large\"><img loading=\"lazy\" decoding=\"async\" width=\"1024\" height=\"577\" src=\"https:\/\/cabinet-moya.ch\/wp-content\/uploads\/2024\/01\/Soi-fier-de-toi-3-1024x577.png\" alt=\"\" class=\"wp-image-230\" srcset=\"https:\/\/cabinet-moya.ch\/wp-content\/uploads\/2024\/01\/Soi-fier-de-toi-3-1024x577.png 1024w, https:\/\/cabinet-moya.ch\/wp-content\/uploads\/2024\/01\/Soi-fier-de-toi-3-300x169.png 300w, https:\/\/cabinet-moya.ch\/wp-content\/uploads\/2024\/01\/Soi-fier-de-toi-3-768x433.png 768w, https:\/\/cabinet-moya.ch\/wp-content\/uploads\/2024\/01\/Soi-fier-de-toi-3-1536x865.png 1536w, https:\/\/cabinet-moya.ch\/wp-content\/uploads\/2024\/01\/Soi-fier-de-toi-3-1160x654.png 1160w, https:\/\/cabinet-moya.ch\/wp-content\/uploads\/2024\/01\/Soi-fier-de-toi-3.png 1640w\" sizes=\"auto, (max-width: 1024px) 100vw, 1024px\" \/><\/figure>\n<\/div>","protected":false},"excerpt":{"rendered":"<p>L\u2019estime de soi est \u00e0 la base de tous les comportements humains. Une bonne estime de soi soutient des comportements sains, matures, adapt\u00e9s aux circonstances, flexibles et efficaces. Elle permet d\u2019\u00eatre en contact avec soi et avec l\u2019environnement. Elle favorise le d\u00e9veloppement de relations enrichissantes, dynamiques et constructives tant sur le plan personnel que professionnel. Enfin, elle constitue un tremplin pour l\u2019affirmation de soi et la r\u00e9alisation de soi. Dans le cadre d&rsquo;un accompagnement visant \u00e0 renforcer l&rsquo;estime en soi, il s&rsquo;agit de prendre le risque de faire des pas concrets dans la vie, car nous ne pouvons apprendre une chose qu&rsquo;en commen\u00e7ant \u00e0 la faire. Je vous accompagne pour vous permettre de faire ses pas concrets avec mes divers outils th\u00e9rapeutiques.<\/p>\n","protected":false},"author":1,"featured_media":0,"parent":0,"menu_order":0,"comment_status":"closed","ping_status":"closed","template":"","meta":{"footnotes":""},"class_list":["post-229","page","type-page","status-publish","hentry"],"acf":[],"_links":{"self":[{"href":"https:\/\/cabinet-moya.ch\/index.php?rest_route=\/wp\/v2\/pages\/229","targetHints":{"allow":["GET"]}}],"collection":[{"href":"https:\/\/cabinet-moya.ch\/index.php?rest_route=\/wp\/v2\/pages"}],"about":[{"href":"https:\/\/cabinet-moya.ch\/index.php?rest_route=\/wp\/v2\/types\/page"}],"author":[{"embeddable":true,"href":"https:\/\/cabinet-moya.ch\/index.php?rest_route=\/wp\/v2\/users\/1"}],"replies":[{"embeddable":true,"href":"https:\/\/cabinet-moya.ch\/index.php?rest_route=%2Fwp%2Fv2%2Fcomments&post=229"}],"version-history":[{"count":3,"href":"https:\/\/cabinet-moya.ch\/index.php?rest_route=\/wp\/v2\/pages\/229\/revisions"}],"predecessor-version":[{"id":233,"href":"https:\/\/cabinet-moya.ch\/index.php?rest_route=\/wp\/v2\/pages\/229\/revisions\/233"}],"wp:attachment":[{"href":"https:\/\/cabinet-moya.ch\/index.php?rest_route=%2Fwp%2Fv2%2Fmedia&parent=229"}],"curies":[{"name":"wp","href":"https:\/\/api.w.org\/{rel}","templated":true}]}}

Améliorer son Estime de soi

<p class="wp-block-paragraph">L’estime de soi est à la base de tous les comportements humains. Une bonne estime de soi soutient des comportements sains, matures, adaptés aux circonstances, flexibles et efficaces. Elle permet d’être en contact avec soi et avec l’environnement. Elle favorise le développement de relations enrichissantes, dynamiques et constructives tant sur le plan personnel que professionnel. Enfin, elle constitue un tremplin pour l’affirmation de soi et la réalisation de soi.</p>



<p class="wp-block-paragraph">Dans le cadre d&rsquo;un accompagnement visant à renforcer l&rsquo;estime en soi, il s&rsquo;agit de prendre le risque de faire des pas concrets dans la vie, car nous ne pouvons apprendre une chose qu&rsquo;en commençant à la faire. Je vous accompagne pour vous permettre de faire ses pas concrets avec mes divers outils thérapeutiques.</p>


<div class="wp-block-image">
<figure class="aligncenter size-large"><img loading="lazy" decoding="async" width="1024" height="577" src="https://cabinet-moya.ch/wp-content/uploads/2024/01/Soi-fier-de-toi-3-1024x577.png" alt="" class="wp-image-230" srcset="https://cabinet-moya.ch/wp-content/uploads/2024/01/Soi-fier-de-toi-3-1024x577.png 1024w, https://cabinet-moya.ch/wp-content/uploads/2024/01/Soi-fier-de-toi-3-300x169.png 300w, https://cabinet-moya.ch/wp-content/uploads/2024/01/Soi-fier-de-toi-3-768x433.png 768w, https://cabinet-moya.ch/wp-content/uploads/2024/01/Soi-fier-de-toi-3-1536x865.png 1536w, https://cabinet-moya.ch/wp-content/uploads/2024/01/Soi-fier-de-toi-3-1160x654.png 1160w, https://cabinet-moya.ch/wp-content/uploads/2024/01/Soi-fier-de-toi-3.png 1640w" sizes="auto, (max-width: 1024px) 100vw, 1024px" /></figure>
</div>

<p>L’estime de soi est à la base de tous les comportements humains. Une bonne estime de soi soutient des comportements sains, matures, adaptés aux circonstances, flexibles et efficaces. Elle permet d’être en contact avec soi et avec l’environnement. Elle favorise le développement de relations enrichissantes, dynamiques et constructives tant sur le plan personnel que professionnel. Enfin, elle constitue un tremplin pour l’affirmation de soi et la réalisation de soi. Dans le cadre d&rsquo;un accompagnement visant à renforcer l&rsquo;estime en soi, il s&rsquo;agit de prendre le risque de faire des pas concrets dans la vie, car nous ne pouvons apprendre une chose qu&rsquo;en commençant à la faire. Je vous accompagne pour vous permettre de faire ses pas concrets avec mes divers outils thérapeutiques.</p>
